be m(3). Suppose -3*y + 3 = 0, -5*y + o = 3*x - 12. What is the units digit of x?
1
Suppose 0 = w - 3*u + 7, -2*u - 6 = -5*u. Let z be (w/2)/(1/(-64)). Suppose -2*v + z = -14. What is the tens digit of v?
2
Let d(p) = 2*p**2 - 50*p + 222. What is the units digit of d(-40)?
2
Let y be (-158)/4 - (-2)/(-4). Let m = y + 90. What is the tens digit of m?
5
Let j be 172/22 + (-8)/(-44). Let a = 78 + -72. Let w = j - a. What is the units digit of w?
2
Suppose -5*u = -268 + 53. Let d = u - 1. Let t = d - 24. What is the tens digit of t?
1
Suppose 5*a = 189 + 136. Suppose a = 10*i - 5*i. What is the tens digit of i?
1
Suppose -5*u = -3*a + 180, 4*u + 137 = -a + 2*a. Let d be (-216)/22 - (-6)/u. Let z = d + 20. What is the tens digit of z?
1
Let a(y) = 2*y**2 - 5*y - 5. Suppose f - 5*f + 56 = 0. Let q be (24/(-15))/(f/35). What is the tens digit of a(q)?
4
Let p = -674 - -1022. What is the units digit of p?
8
Let h = -416 - -750. What is the units digit of h?
4
What is the units digit of ((-4)/40*788)/((-4)/70)?
9
Let r be 24*(-1 + -1 - 0). Let n be (-8)/r - 23/(-6). Suppose -q + 32 = -0*q - 3*z, n*z = -3*q + 135. What is the units digit of q?
1
Let i(g) = -g**2 - 14*g + 17. Let z be i(-15). Suppose -z*u + 223 = -v + 43, -3*u - 5*v = -270. What is the units digit of u?
0
Let x(m) = m**2 + 2*m - 2. Let r be x(2). Let v(p) = -p**3 + 16*p**2 - 24*p - 5. What is the hundreds digit of v(r)?
2
Let v be (1 - 99*9)*(-39)/78. Suppose 0 = -5*k - 0*u + 5*u + v, 4*u + 262 = 3*k. What is the units digit of k?
4
Suppose 2*a = -3*d - 34 + 159, -d = 4*a - 265. Suppose 0 = -8*b - 3*b - 341. Let t = b + a. What is the tens digit of t?
3
Let c be (5 - 4)/((-2)/(-178)). Suppose -c = 5*t - 974. What is the hundreds digit of t?
1
Let r be ((-6)/15)/((-3)/(-60)). Let w(y) = -y**3 - 7*y**2 + 9*y + 1. Let c be w(r). Let l = c - -53. What is the units digit of l?
6
Let g(p) = -17*p + 2. Suppose -6*n = -2*n, 0 = -c + 4*n + 3. Let f be c/(5/2 - 4). What is the units digit of g(f)?
6
What is the hundreds digit of 4/3 - (-73646)/138?
5
Let a = -13 + 14. Let x(h) = 18*h**3. What is the tens digit of x(a)?
1
Suppose -9*s + 380 = -5*s. Let g = s - 47. What is the tens digit of g?
4
Let j be (6/(-15))/((-1)/70). Suppose 0 = k + 8. Let o = j + k. What is the tens digit of o?
2
Let z = -76 - -84. Suppose -i = -0*i - 3. Let q = z - i. What is the units digit of q?
5
Suppose -39 = -2*l + 3*l. Let k = 119 + l. What is the tens digit of k?
8
Suppose b = 2*b + k - 22, 5*k - 10 = 0. Let r be 14/4*b/35. Suppose -x - 66 = -3*d + 4*x, r*d - 44 = -3*x. What is the tens digit of d?
2
Suppose -13*c = 21 - 73. What is the units digit of c/6 + ((-1832)/(-24) - -9)?
6
Let p be (6/4)/(3/(-90)). Let y be p/(-6)*(-8)/5. What is the units digit of 2/8 - 57/y?
5
Let d(u) = 2*u - 33. Let p be d(14). What is the tens digit of ((-520)/4)/p - -3?
2
Let r(h) = 150*h + 10. Let c be r(5). Suppose 0*o - c = -4*o. What is the tens digit of o?
9
Let r(i) = 3 + 3*i - 4*i + 0*i + 2*i. Let z be r(-12). Let g = z - -12. What is the units digit of g?
3
Let l(n) be the third derivative of 2*n**4/3 - 2*n**3/3 + 8*n**2. What is the tens digit of l(3)?
4
Let y(r) = 178*r + 2103. What is the thousands digit of y(0)?
2
Let m(d) = -d**3 + 6*d**2 + d - 3. Let l be m(6). Suppose -c - 259 = -5*n, 0 = -l*n - 3*c + 79 + 62. What is the units digit of n?
1
Suppose -3*a = -4*a + 2*p + 8, -5*p = 4*a - 45. Suppose -a*r = r - 363. What is the units digit of r?
3
Let i(r) = 0*r + 3 - r + 2*r**2 + 5*r. Let d(j) = -j**3 - 2*j - 2. Let p be d(0). What is the units digit of i(p)?
3
Suppose 0 = 62*m - 53913 + 16403. What is the units digit of m?
5
Let f = -100 + 99. Suppose 9 = 5*i - 2*i. What is the units digit of 2*(6/i + f)?
2
Let l = -24 + 23. What is the units digit of l/(((-7)/(-2))/(-7))?
2
Let q = 408 + -304. What is the hundreds digit of q?
1
What is the tens digit of (-14)/(-161) - 27780/(-46)?
0
Suppose -2*f = 102 - 444. Let l = 333 - f. What is the tens digit of l?
6
Let c = 39 - -29. Let f(b) = -74 + b**2 + 0*b + c - b. What is the units digit of f(5)?
4
Suppose 5*s - 3 = 27. Let g = 12 - s. Let o = g - -6. What is the tens digit of o?
1
Let a(l) = l**3 + l**2 - 13*l - 15. What is the units digit of a(6)?
9
Suppose 4*q + 1 = 49. Let f be -6*(-8)/q*1. What is the tens digit of 10/f*(-506)/(-55)?
2
Let x = -2195 - -4364. What is the thousands digit of x?
2
Let l(s) = -2*s**3 - s**2 - s - 14*s**3 - 47*s**3. What is the units digit of l(-1)?
3
Let j(o) = 402*o - 6. Let w be j(2). Suppose 0 = 4*a + 2*x - w, -2*x - 414 = -4*a + 2*a. What is the units digit of a?
2
Suppose 0 = 2*o - 2*d + 12, -5*o - 23 = d + 1. Let y = 8 + o. Suppose -y*u + 31 = -32. What is the tens digit of u?
2
Let q(l) = 49*l**3 + 5*l**2 - 12*l + 3. What is the tens digit of q(2)?
9
Let h = -572 + 556. Let p = 39 - 15. Let t = p + h. What is the units digit of t?
8
Suppose f + 11 = 2*t, 6*f + 5*t + 13 = 4*f. Let l = 41 + f. Suppose -5*d = -2*m + l, 0 = -d + 2. What is the units digit of m?
1
What is the units digit of 343 + 4*(-7 + 6)?
9
Let k be (-6)/(-9) + 4/12. What is the units digit of 120/(k/(-2) - -2)?
0
Suppose 4*h - 213 - 131 = 0. Let w = -14 + h. What is the units digit of w?
2
Suppose -2*y + 5*p = -196, -4*y - y + 490 = -4*p. Let z = y - 44. What is the units digit of z?
4
Let t be 1*(3 - 3) + -108. Let p = t - -68. Let z = p - -77. What is the units digit of z?
7
Suppose 0 = 8*i - 1584 - 512. What is the units digit of i?
2
Suppose -v - 2*v = 2*y + 365, y = 4*v + 494. Let k = -79 - v. What is the tens digit of k?
4
Let a(w) = -w**2 + 14*w - 12. Let x be a(9). Let v = -18 + x. Let d = v - -13. What is the units digit of d?
8
Suppose -8 = -4*p + 3*m, 3*p - 6 = 2*m + 1. Suppose 0*x + 15 = p*x. What is the units digit of 40/x - 6/(-9)?
4
Suppose 0 = 9*g - 14*g + 10. Let t(i) = 3*i**2 - 4 - 2*i + g - 2 + i**3 + 2. What is the units digit of t(-3)?
4
Let a(b) = -31*b + 213. What is the units digit of a(-21)?
4
Let x = 804 + 98. What is the hundreds digit of x?
9
Suppose -717 = -3*s - 5*d, 4*s + 5*d - 823 - 138 = 0. What is the units digit of s?
4
Suppose 0 = -8*h + 9*h - 5. Suppose 6 - 1 = -h*d. What is the units digit of d/(3/(-27)) + -1?
8
Suppose -3*b - 2*b + 11 = -p, 5*p = 4*b - 13. What is the tens digit of ((-5)/(-5) - b)*-95?
9
Let w(i) = -i**3 + 17*i**2 + i - 15. Let v be w(17). Suppose -r - 2 = -2*r. Suppose v*b - r = 20. What is the units digit of b?
1
Suppose -4*i = -3*i - 22. Let u = 13 - i. Let p(s) = s**3 + 11*s**2 + 10*s - 16. What is the units digit of p(u)?
6
What is the units digit of 4 - (3/(-3) + 3) - -931?
3
Let a(c) = -47*c + 1. Suppose -i - 15 = -13. Let h be a(i). Suppose -3*x - h = -8*x. What is the units digit of x?
9
Let k(g) = 3*g**2 - 18*g + 3. Let p be k(6). Suppose 0 = -p*f - 3*m + 942, 3*m - 5*m = -2*f + 616. What is the tens digit of f?
1
Let r = -1286 - -1668. What is the units digit of r?
2
What is the tens digit of 8/10 - (-43665)/75?
8
Let t(i) = 10*i**2 + 19*i + 197. What is the hundreds digit of t(-9)?
8
Let s be (4 - (-2)/(-2))*47/47. Let l(h) = h**3 - 3*h**2 + h - 3. Let b be l(3). What is the units digit of (b - -7)/(s/30)?
0
Let i be (-82)/(-1) + 6 + -6. Suppose -2*a + 34 = -i. Suppose 0 = -2*b + a. What is the units digit of b?
9
Let d(q) = 17*q**2 - 11*q + 82. What is the tens digit of d(6)?
2
Let o(c) = 4*c**2 + 2*c + 5. Let z(b) = -4*b. Let i be z(1). Let r be o(i). Suppose 4*g - j - r = 0, -58 = -4*g - 2*j - 0*j. What is the units digit of g?
5
Let g(c) = c**3 - 2*c**2 + 3*c - 2. Let s be g(2). Let m(q) = 1 - s*q + 7*q + 2. What is the units digit of m(5)?
8
Suppose -26*k = -5*k - 1827. What is the units digit of k?
7
Suppose 0 = l + l - v - 478, -2*v = 5*l - 1195. What is the units digit of l?
9
Suppose -2*t - s + 834 = 0, 2*s - 5*s - 6 = 0. What is the tens digit of t?
1
Suppose 2 + 18 = -4*s. Let m(u) = -4*u**2 - 18*u - 13. Let l(r) = 5*r**2 + 19*r + 12. Let f(d) = s*l(d) - 6*m(d). What is the units digit of f(13)?
8
Let c = 12 - 8. Let o be (2/c)/((-8)/(-80)). Suppose o*w - 15 = 0, -u - 2*w = u - 22. What is the units digit of u?
8
Let h = 2 + -1. Let c(r) = r - 4*r - h - 11. What is the units digit of c(-9)?
5
Let r(y) = y**2 + 7*y - 3. Let x(w) = 2*w**2 + 16*w - 6. Let q(l) = 9*r(l) - 4*x(l). Suppose -7 -